+ 0. Let u = -29 - -32. What is the units digit of u/2*1*i?
6
Let x = -8 + 48. What is the tens digit of x?
4
Let g(o) be the first derivative of -o**2/2 + 4. Suppose i + 2 = -0. What is the units digit of g(i)?
2
Let t(j) = j**3 - 6*j**2 - 7*j + 2. Let y = 16 + -9. Let w be t(y). Suppose 5 = w*x - 1. What is the units digit of x?
3
Suppose -3*v - 7 = 4*f - 149, 0 = -3*f + 2*v + 98. What is the tens digit of f?
3
Suppose -4*f = f. Suppose -3*k - 12 + 75 = f. What is the tens digit of k?
2
Let r(d) be the first derivative of -d**4/2 + 3*d**2/2 + 3*d + 7. What is the tens digit of r(-2)?
1
Suppose -3*g - 2 = -l, -g - 3*l = -0*l - 6. Let r = g + 3. What is the units digit of r?
3
Let m(u) = u + 64. What is the units digit of m(0)?
4
Let a(o) = 4*o**3 + 5*o**2 - 4*o + 6. What is the hundreds digit of a(3)?
1
Let r = -1 + 1. Suppose x + 5 = -0*q + q, -3*q = 2*x - 35. Suppose -3*b - q + 54 = r. What is the tens digit of b?
1
Suppose -17 = i + y + 4*y, 4 = 4*i + 2*y. Suppose -i*h = -2*h - 10. What is the tens digit of h?
1
Let s = -83 - -208. What is the tens digit of s?
2
Suppose -5*l = 2*h - 6*h + 20, 0 = h - 2*l - 8. Suppose -y + h = -d - 20, 4*y - 3*d = 79. What is the units digit of y?
9
What is the tens digit of 60/8*8/3?
2
Let r = 41 - 15. What is the units digit of r?
6
Suppose 119 - 583 = -8*s. What is the units digit of s?
8
What is the units digit of (-2552)/(-18) - (20/(-45))/2?
2
Let w(u) = u**3 + 11*u**2 + 7*u - 3. What is the units digit of w(-10)?
7
Let t(q) = 2*q**3 - q**2. Let d be t(3). Suppose 3*v - d - 21 = 0. What is the tens digit of v?
2
Let f(w) = w**3 + 12*w**2 - 17*w + 9. What is the tens digit of f(-13)?
6
Suppose 0 = -5*y + 34 + 106. What is the tens digit of y?
2
Suppose 2*g + 4*p + 41 - 209 = 0, -3*g = -p - 224. Suppose -3*n + 6 = 0, 0 = h + h + 4*n - 14. Suppose -o + g = h*o. What is the tens digit of o?
1
Let z(o) be the second derivative of o**5/20 + o**4/2 - o**3/6 - 3*o**2 - 4*o. Let x be z(-6). Suppose x = 3*y - 15 - 12. What is the units digit of y?
9
Let a = -15 + 15. Suppose a = h + 2*t - 32, 2*h = -t + 4*t + 71. What is the tens digit of h?
3
Let q(t) = 3*t**2. Let c be q(-3). Suppose 3*p - 2*p = c. Suppose -8*j - p = -11*j. What is the units digit of j?
9
Suppose 0 = -z + 5*s - 16, 0 = 5*s - 6 - 9. Let h(m) = 4*m**2 - 1. Let y be h(z). Suppose 4*w = -y*l - 1, -4 = l - 1. What is the units digit of w?
2
Let p(f) = -1 + 0 + f**2 + 7 - f. Suppose 1 = -8*n + 1. What is the units digit of p(n)?
6
What is the units digit of 318/24 - (-2)/(-8)?
3
Let r(k) = k**3 - 3*k**2 + 2*k - 2. What is the units digit of r(4)?
2
Suppose -2 = -5*d + 8. Let q be (-14)/2 - d/(-2). What is the units digit of 15/(q/(-2))*1?
5
Let u(i) = i**3 + 5*i**2 - 12*i - 3. What is the units digit of u(-5)?
7
Suppose 7*b = 4*b + 30. Suppose 14 = 3*c - b. What is the units digit of c?
8
Let j be 3 + (-1 - -1) + 20. Suppose 0 = -w - 4 + j. What is the tens digit of w?
1
What is the units digit of ((-2260)/(-15))/(8/12)?
6
Let w = -14 - -7. Let i(q) = q**2 + 5*q + 3. What is the units digit of i(w)?
7
Let s(j) = 32*j**2 + 5*j - 5. What is the units digit of s(2)?
3
Let y = -3 + 5. Let l be -4 - (-2 + (y - 1)). What is the units digit of (2 + 2)*l/(-4)?
3
Let s = -107 - -191. What is the tens digit of s?
8
Suppose 5*b + 3*s - 40 = 0, 3*b - 5*b = 3*s - 7. Suppose -3*o - b + 38 = 0. What is the units digit of o?
9
Suppose d - 80 = 4*o - 0*d, -100 = 5*o + 2*d. Let p = 45 + -74. Let w = o - p. What is the units digit of w?
9
Let r(g) = -g + 3. Let x = 2 - -2. Let l be r(x). What is the units digit of 2 + 2 + l + 2?
5
What is the tens digit of (-30)/1*20/(-50)?
1
Suppose -4*r + 16 = 0, p + 0*r - 2*r = 43. Suppose 53 = 2*u - p. Suppose l - 5*l = -u. What is the units digit of l?
3
Suppose 3*r = -a + 23, -5*r + 3 + 2 = -5*a. What is the units digit of 106/r + 6/18?
8
Let a(t) = -t. Let d be a(7). Let o = d + 10. What is the units digit of o?
3
Let m(y) = -y**3 + 18*y**2 + 2*y + 3. What is the units digit of m(18)?
9
Let y = -20 - -20. What is the tens digit of 2 + (33 + 1 - y)?
3
Let i(y) = 4*y**3 + y**2 + 4*y - 11. Let o(p) = 7*p**3 + 2*p**2 + 7*p - 21. Let u(l) = 5*i(l) - 3*o(l). Let x = 2 - 2. What is the units digit of u(x)?
8
Suppose 3*w - q - 179 = 0, 5*q = w + w - 115. Suppose -7*l = -2*l - w. What is the units digit of l?
2
Suppose 5*x - 5 = -l, -4*l - 8 = 12. Suppose 0 = 6*t - 4*t + 5*r - 4, 0 = -3*r. Suppose -x*v = t*v - 44. What is the units digit of v?
1
Suppose -2*d + 3*a = -4*d + 23, -5*a + 37 = 3*d. What is the tens digit of 150/d - (-4)/8?
3
What is the units digit of (-11)/((-44)/540)*2/5?
4
Suppose -3*r = -9, -3*h + 2 + 7 = 2*r. Let f be 26/(-14) + 2/(-14). What is the units digit of (-1 - h)*f + 1?
5
Suppose -6 = n - v, -4*n = -n - 4*v + 19. Let c(s) = 2*s**2 + 7*s. What is the tens digit of c(n)?
1
Suppose -3*w + 2*k + 13 = 0, 5*w - k - 6 - 11 = 0. Suppose -w*g + 32 + 34 = 0. What is the tens digit of g?
2
Let u(p) = p**2 + 6*p + 2. Let j = 5 - 1. Suppose 5*f = 20, 4*h + 4 = 6*h + j*f. What is the units digit of u(h)?
2
Let k(t) be the third derivative of t**6/120 + t**5/60 - t**4/24 + 2*t**3/3 - t**2. What is the units digit of k(0)?
4
What is the units digit of -10*(-1 - 4/(-8))?
5
Let b = 42 - 2. Suppose -3*l - 13 = -b. Let c = l - -2. What is the tens digit of c?
1
Let g be 3 - (3 + 3 + -5). Suppose 0*i - 16 = -g*i. Let v = i - 0. What is the units digit of v?
8
Let x(v) = -v**2 - 2*v + 3. Let r be x(-4). Let w(g) = g**3 + 5*g**2 - 2*g - 5. What is the units digit of w(r)?
5
Let f(o) = -o**3 + 2*o**2 + o + 1. Let z be f(2). Let l be 3*(-2 + 8/z). What is the units digit of 94/12 + l/12?
8
Suppose 76 = 4*b + 204. Let d = 63 + b. What is the tens digit of d?
3
Let g be (-2 - -3) + (2 - 0). What is the units digit of (g/2)/(2/4)?
3
Let m = -33 - -53. Suppose 0 = -5*z + 4*t - 67 + 171, -z = -t - m. What is the units digit of z?
4
Let n be 14/3 + (-6)/9. Suppose 0 = -n*l + 5*l + 6. Let p(s) = s + 7. What is the units digit of p(l)?
1
Let d(a) = -70*a**3 + a**2 + a + 1. What is the units digit of d(-1)?
1
Suppose -s + 6*s + 45 = 0. Let x(p) = -2*p - 8. Let l be x(s). What is the units digit of (-96)/(-5) + (-2)/l?
9
Let r = 4 + 2. Let h = r - 10. Let b = -3 - h. What is the units digit of b?
1
Let h = -1 - -5. Suppose 0 = 2*x - x - h*v + 8, 0 = -5*v + 15. Suppose -j = 3*w + w - 35, x*j + 4 = 2*w. What is the units digit of w?
8
Suppose -36 = -3*v + 3*q, 4*q + 32 = v - q. Suppose 10*o - 16*o = -30. Suppose 0 = -4*b - o*l + 37, -2*l = -b - 4*l + v. What is the tens digit of b?
1
Suppose 9*l - 5*l - 204 = 0. What is the tens digit of l?
5
Suppose 0 = -2*t + 5*t - 6. Suppose x + 2 = d, -t*d - x = -d - 4. What is the units digit of 3 - (d*4)/(-3)?
7
Suppose 3*t = -2*b - 5, 4*b = -4*t - 0*t - 4. Let k be 20/8*4/5. Let f = k + b. What is the units digit of f?
4
Suppose -2*u + 4*n + 47 + 29 = 0, -u + 37 = -3*n. What is the units digit of u?
0
Suppose -d = 2*u - 6, 2*u + 9 = -u + 3*d. What is the units digit of u?
1
Let v(f) = f**2 - 4*f + 1. What is the tens digit of v(-14)?
5
Let b(s) = -66*s - 4. What is the tens digit of b(-1)?
6
Let y be (-3)/(-2) + 3/(-2). Suppose w + v + 5 = y, -6*w - 1 = -w - v. What is the units digit of 3/6*w*-6?
3
Let r(g) = 2*g**2 - 12*g - 23. What is the tens digit of r(11)?
8
Let m = -100 - -179. What is the tens digit of m?
7
Let a(t) be the third derivative of -t**4/8 - t**3/3 + 3*t**2. What is the units digit of a(-3)?
7
Let i(w) = -w**2 + 8*w - 9. Suppose -5*r = -10*r + 35. Let v be i(r). Let a = 1 - v. What is the units digit of a?
3
Suppose -f = f - 80. Suppose 0 = -2*g - 3*x - 0*x + f, -g = -4*x + 2. What is the tens digit of g?
1
Suppose 34 - 13 = -3*l. Let r = -3 - l. What is the units digit of r?
4
Let z(c) = -c + 6. Let y be z(-6). Suppose p - 3 = 3*p - 3*h, -4*p + 4*h = y. Let s(f) = f**2 + 6*f + 8. What is the units digit of s(p)?
8
Let o(g) = -3*g**2 - 10*g + 5. Let h(f) = -7*f**2 - 21*f + 9. Let j(b) = -2*h(b) + 5*o(b). What is the units digit of j(-7)?
4
What is the units digit of 81/3*(-6)/(-18)?
9
Let l(i) = -i**3 + 4*i**2 - 4*i + 4. Let m be l(4). Let f(h) = -h - 10. What is the units digit of f(m)?
2
Suppose 404 = 4*j - 2*a, 4*j + j = 5*a + 495. What is the units digit of j?
3
Suppose -2*a = 